{"id":250,"date":"2014-10-07T15:49:54","date_gmt":"2014-10-07T13:49:54","guid":{"rendered":"http:\/\/www.promo-brille.de\/?post_type=product&#038;p=250"},"modified":"2017-12-01T14:30:42","modified_gmt":"2017-12-01T13:30:42","slug":"ab-300-stueck","status":"publish","type":"product","link":"https:\/\/www.promo-szemuveg.hu\/?product=ab-300-stueck","title":{"rendered":"300 darabt\u00f3l"},"content":{"rendered":"<p>300 darab feletti megrendel\u00e9s eset\u00e9n gy\u00e1rtunk saj\u00e1t prom\u00f3ci\u00f3s szem\u00fcveget! Ez tartalmazza a tan\u00e1csad\u00e1st \u00e9s a grafikai tervez\u00e9st is!<\/p>\n<p>&nbsp;<\/p>\n<ul>\n<li>300 darabig &#8211; 600 HUF<\/li>\n<li>500 darabig &#8211; 550 HUF<\/li>\n<li>1000 darabig &#8211; 500 HUF<\/li>\n<li>5000 darabig &#8211; 400 HUF<\/li>\n<\/ul>\n<p>(Tov\u00e1bbi egys\u00e9g\u00e1rak k\u00fcl\u00f6n k\u00e9r\u00e9sre)<\/p>\n\n                <div class='gf_browser_gecko gform_wrapper' id='gform_wrapper_1' ><form method='post' enctype='multipart\/form-data'  id='gform_1'  action='\/index.php?rest_route=%2Fwp%2Fv2%2Fproduct%2F250'>\n                        <div class='gform_heading'>\n                            <h3 class='gform_title'>\u00c8rdekl\u0151d\u00e9s<\/h3>\n                            <span class='gform_description'><\/span>\n                        <\/div>\n                        <div class='gform_body'><ul id='gform_fields_1' class='gform_fields top_label form_sublabel_below description_below'><li id='field_1_1' class='gfield field_sublabel_below field_description_below' ><label class='gfield_label' for='input_1_1' >C\u00e9g<\/label><div class='ginput_container'><input name='input_1' id='input_1_1' type='text' value='' class='medium'  tabindex='1'   \/><\/div><\/li><li id='field_1_2' class='gfield gfield_contains_required field_sublabel_below field_description_below' ><label class='gfield_label' for='input_1_2_3' >N\u00e9v<span class='gfield_required'>*<\/span><\/label><div class='ginput_complex ginput_container no_prefix has_first_name no_middle_name has_last_name no_suffix' id='input_1_2'>\n                            \n                            <span id='input_1_2_3_container' class='name_first' >\n                                                    <input type='text' name='input_2.3' id='input_1_2_3' value='' tabindex='3'  \/>\n                                                    <label for='input_1_2_3' >Keresztn\u00e9v<\/label>\n                                                <\/span>\n                            \n                            <span id='input_1_2_6_container' class='name_last' >\n                                                    <input type='text' name='input_2.6' id='input_1_2_6' value='' tabindex='5'  \/>\n                                                    <label for='input_1_2_6' >Vezet\u00e9kn\u00e9v<\/label>\n                                                <\/span>\n                            \n                        <\/div><\/li><li id='field_1_3' class='gfield gfield_contains_required field_sublabel_below field_description_below' ><label class='gfield_label' for='input_1_3' >E-mail<span class='gfield_required'>*<\/span><\/label><div class='ginput_container'>\n                            <input name='input_3' id='input_1_3' type='text' value='' class='medium' tabindex='7'   \/>\n                        <\/div><\/li><li id='field_1_4' class='gfield field_sublabel_below field_description_below' ><label class='gfield_label' for='input_1_4' >Telefon<\/label><div class='ginput_container'><input name='input_4' id='input_1_4' type='text' value='' class='medium' tabindex='8'   \/><\/div><\/li><li id='field_1_5' class='gfield gsection field_sublabel_below field_description_below' ><h2 class='gsection_title'><\/h2><\/li><li id='field_1_6' class='gfield gfield_contains_required field_sublabel_below field_description_below' ><label class='gfield_label' for='input_1_6' >Darabsz\u00e1m (Minim\u00e1lis mennyis\u00e9g : 300 darab sz\u00ednenk\u00e9nt \/ print)<span class='gfield_required'>*<\/span><\/label><div class='ginput_container'><input name='input_6' id='input_1_6' type='text' value='' class='medium'  tabindex='9'   \/><\/div><\/li><li id='field_1_10' class='gfield field_sublabel_below field_description_below' ><label class='gfield_label' for='input_1_10' >Szem\u00fcveg alapsz\u00edn<\/label><div class='ginput_container'><input name='input_10' id='input_1_10' type='text' value='' class='medium'  tabindex='10'   \/><\/div><\/li><li id='field_1_11' class='gfield gfield_contains_required field_sublabel_below field_description_below' ><label class='gfield_label'  >Sz\u00ednek sz\u00e1ma<span class='gfield_required'>*<\/span><\/label><div class='ginput_container'><ul class='gfield_radio' id='input_1_11'><li class='gchoice_1_11_0'><input name='input_11' type='radio' value='1 sz\u00edn\u0171' checked='checked' id='choice_1_11_0' tabindex='11'    \/><label for='choice_1_11_0' id='label_1_11_0'>1 sz\u00edn\u0171<\/label><\/li><li class='gchoice_1_11_1'><input name='input_11' type='radio' value='2 sz\u00edn\u0171 (+ 0,10 Euro)'  id='choice_1_11_1' tabindex='12'    \/><label for='choice_1_11_1' id='label_1_11_1'>2 sz\u00edn\u0171 (+ 0,10 Euro)<\/label><\/li><li class='gchoice_1_11_2'><input name='input_11' type='radio' value='Soksz\u00edn\u0171 (+ 0,20 Euro)'  id='choice_1_11_2' tabindex='13'    \/><label for='choice_1_11_2' id='label_1_11_2'>Soksz\u00edn\u0171 (+ 0,20 Euro)<\/label><\/li><\/ul><\/div><\/li><li id='field_1_15' class='gfield field_sublabel_below field_description_below' ><label class='gfield_label'  >nyomtat\u00e1si poz\u00edci\u00f3<\/label><div class='ginput_container'><ul class='gfield_checkbox' id='input_1_15'><li class='gchoice_1_15_1'>\n\t\t\t\t\t\t\t\t<input name='input_15.1' type='checkbox'  value='K\u00edv\u00fcli - balr\u00f3l'  id='choice_1_15_1' tabindex='14'  \/>\n\t\t\t\t\t\t\t\t<label for='choice_1_15_1' id='label_1_15_1'>K\u00edv\u00fcli - balr\u00f3l<\/label>\n\t\t\t\t\t\t\t<\/li><li class='gchoice_1_15_2'>\n\t\t\t\t\t\t\t\t<input name='input_15.2' type='checkbox'  value='K\u00edv\u00fcl - jobbr\u00f3l'  id='choice_1_15_2' tabindex='15'  \/>\n\t\t\t\t\t\t\t\t<label for='choice_1_15_2' id='label_1_15_2'>K\u00edv\u00fcl - jobbr\u00f3l<\/label>\n\t\t\t\t\t\t\t<\/li><li class='gchoice_1_15_3'>\n\t\t\t\t\t\t\t\t<input name='input_15.3' type='checkbox'  value='Bel\u00fcl - balr\u00f3l (+ 0,05 Euro)'  id='choice_1_15_3' tabindex='16'  \/>\n\t\t\t\t\t\t\t\t<label for='choice_1_15_3' id='label_1_15_3'>Bel\u00fcl - balr\u00f3l (+ 0,05 Euro)<\/label>\n\t\t\t\t\t\t\t<\/li><li class='gchoice_1_15_4'>\n\t\t\t\t\t\t\t\t<input name='input_15.4' type='checkbox'  value='Bel\u00fcl - jobbr\u00f3l(+ 0,05 Euro)'  id='choice_1_15_4' tabindex='17'  \/>\n\t\t\t\t\t\t\t\t<label for='choice_1_15_4' id='label_1_15_4'>Bel\u00fcl - jobbr\u00f3l(+ 0,05 Euro)<\/label>\n\t\t\t\t\t\t\t<\/li><li class='gchoice_1_15_5'>\n\t\t\t\t\t\t\t\t<input name='input_15.5' type='checkbox'  value='El\u00fcls\u0151 (+ 0,25 Euro)'  id='choice_1_15_5' tabindex='18'  \/>\n\t\t\t\t\t\t\t\t<label for='choice_1_15_5' id='label_1_15_5'>El\u00fcls\u0151 (+ 0,25 Euro)<\/label>\n\t\t\t\t\t\t\t<\/li><\/ul><\/div><\/li><li id='field_1_14' class='gfield field_sublabel_below field_description_below' ><label class='gfield_label' for='input_1_14' >\u00dcvegsz\u00edn<\/label><div class='ginput_container'><select name='input_14' id='input_1_14'  class='medium gfield_select' tabindex='19' ><option value='fekete' selected='selected'>fekete<\/option><option value='\u00e1tl\u00e1tsz\u00f3' >\u00e1tl\u00e1tsz\u00f3<\/option><option value='barna (+ 0,15 Euro)' >barna (+ 0,15 Euro)<\/option><option value='t\u00fckr\u00f6z\u00f6tt ez\u00fcst (+ 0,25 Euro)' >t\u00fckr\u00f6z\u00f6tt ez\u00fcst (+ 0,25 Euro)<\/option><option value='t\u00fckr\u00f6z\u00f6tt piros (+ 0,25 Euro)' >t\u00fckr\u00f6z\u00f6tt piros (+ 0,25 Euro)<\/option><option value='t\u00fckr\u00f6z\u00f6tt z\u00f6ld (+ 0,25 Euro)' >t\u00fckr\u00f6z\u00f6tt z\u00f6ld (+ 0,25 Euro)<\/option><option value='t\u00fckr\u00f6z\u00f6tt k\u00e9k (+ 0,25 Euro)' >t\u00fckr\u00f6z\u00f6tt k\u00e9k (+ 0,25 Euro)<\/option><\/select><\/div><\/li><li id='field_1_12' class='gfield gfield_contains_required field_sublabel_below field_description_below' ><label class='gfield_label' for='input_1_12' >\u00d6n \u00e9rdekl\u0151d\u00e9s<span class='gfield_required'>*<\/span><\/label><div class='ginput_container'>\n\t\t\t\t\t<textarea name='input_12' id='input_1_12' class='textarea medium' tabindex='20'    rows='10' cols='50'><\/textarea>\n\t\t\t\t<\/div><\/li><li id='field_1_13' class='gfield field_sublabel_below field_description_below' ><label class='gfield_label'  >Logo-Upload (PDF, AI, EPS, PSD, JPG, ZIP...) (Maxim\u00e1lis f\u00e1jlm\u00e9ret: 8 MB)<\/label><div class='ginput_container'><div id='gform_multifile_upload_1_13' data-settings='{&quot;runtimes&quot;:&quot;html5,flash,html4&quot;,&quot;browse_button&quot;:&quot;gform_browse_button_1_13&quot;,&quot;container&quot;:&quot;gform_multifile_upload_1_13&quot;,&quot;drop_element&quot;:&quot;gform_drag_drop_area_1_13&quot;,&quot;filelist&quot;:&quot;gform_preview_1_13&quot;,&quot;unique_names&quot;:true,&quot;file_data_name&quot;:&quot;file&quot;,&quot;url&quot;:&quot;https:\\\/\\\/www.promo-szemuveg.hu\\\/?gf_page=df68d54f2c1dae0&quot;,&quot;flash_swf_url&quot;:&quot;https:\\\/\\\/www.promo-szemuveg.hu\\\/wp-includes\\\/js\\\/plupload\\\/plupload.flash.swf&quot;,&quot;silverlight_xap_url&quot;:&quot;https:\\\/\\\/www.promo-szemuveg.hu\\\/wp-includes\\\/js\\\/plupload\\\/plupload.silverlight.xap&quot;,&quot;filters&quot;:{&quot;mime_types&quot;:[{&quot;title&quot;:&quot;Allowed Files&quot;,&quot;extensions&quot;:&quot;*&quot;}],&quot;max_file_size&quot;:&quot;8388608b&quot;},&quot;multipart&quot;:true,&quot;urlstream_upload&quot;:false,&quot;multipart_params&quot;:{&quot;form_id&quot;:1,&quot;field_id&quot;:13},&quot;gf_vars&quot;:{&quot;max_files&quot;:0,&quot;message_id&quot;:&quot;gform_multifile_messages_1_13&quot;,&quot;disallowed_extensions&quot;:[&quot;php&quot;,&quot;asp&quot;,&quot;aspx&quot;,&quot;cmd&quot;,&quot;csh&quot;,&quot;bat&quot;,&quot;html&quot;,&quot;hta&quot;,&quot;jar&quot;,&quot;exe&quot;,&quot;com&quot;,&quot;js&quot;,&quot;lnk&quot;,&quot;htaccess&quot;,&quot;phtml&quot;,&quot;ps1&quot;,&quot;ps2&quot;,&quot;php3&quot;,&quot;php4&quot;,&quot;php5&quot;,&quot;php6&quot;,&quot;py&quot;,&quot;rb&quot;,&quot;tmp&quot;]}}' class='gform_fileupload_multifile'>\n\t\t\t\t\t\t\t\t\t\t<div id='gform_drag_drop_area_1_13' class='gform_drop_area'>\n\t\t\t\t\t\t\t\t\t\t\t<span class='gform_drop_instructions'>Drop files here or <\/span>\n\t\t\t\t\t\t\t\t\t\t\t<input id='gform_browse_button_1_13' type='button' value='Select files' class='button gform_button_select_files'\/>\n\t\t\t\t\t\t\t\t\t\t<\/div>\n\t\t\t\t\t\t\t\t\t<\/div><div class='validation_message'>\n\t\t\t\t\t\t\t\t<ul id='gform_multifile_messages_1_13'>\n\t\t\t\t\t\t\t\t<\/ul>\n\t\t\t\t\t\t\t<\/div><\/div><div id='gform_preview_1_13'><\/div><\/li>\n                            <\/ul><\/div>\n        <div class='gform_footer top_label'> <input type='submit' id='gform_submit_button_1' class='gform_button button' value='K\u00fcld' tabindex='22' onclick='if(window[\"gf_submitting_1\"]){return false;}  window[\"gf_submitting_1\"]=true;  ' \/> \n            <input type='hidden' class='gform_hidden' name='is_submit_1' value='1' \/>\n            <input type='hidden' class='gform_hidden' name='gform_submit' value='1' \/>\n            \n            <input type='hidden' class='gform_hidden' name='gform_unique_id' value='' \/>\n            <input type='hidden' class='gform_hidden' name='state_1' value='WyJbXSIsIjJlZmI1OGFlNDU1YTNkOGVjMzQyZDMwOWUwM2NhYTQyIl0=' \/>\n            <input type='hidden' class='gform_hidden' name='gform_target_page_number_1' id='gform_target_page_number_1' value='0' \/>\n            <input type='hidden' class='gform_hidden' name='gform_source_page_number_1' id='gform_source_page_number_1' value='1' \/>\n            <input type='hidden' name='gform_field_values' value='' \/>\n            <input type='hidden' name='gform_uploaded_files' id='gform_uploaded_files_1' value='' \/>\n        <\/div>\n                        <p style=\"display: none !important;\"><label>&#916;<textarea name=\"ak_hp_textarea\" cols=\"45\" rows=\"8\" maxlength=\"100\"><\/textarea><\/label><input type=\"hidden\" id=\"ak_js\" name=\"ak_js\" value=\"226\"\/><script>document.getElementById( \"ak_js\" ).setAttribute( \"value\", ( new Date() ).getTime() );<\/script><\/p><\/form>\n                        <\/div><script type='text\/javascript'> if(typeof gf_global == 'undefined') var gf_global = {\"gf_currency_config\":{\"name\":\"Euro\",\"symbol_left\":\"\",\"symbol_right\":\"&#8364;\",\"symbol_padding\":\" \",\"thousand_separator\":\".\",\"decimal_separator\":\",\",\"decimals\":2},\"base_url\":\"https:\\\/\\\/www.promo-szemuveg.hu\\\/wp-content\\\/plugins\\\/gravityforms\",\"number_formats\":[],\"spinnerUrl\":\"https:\\\/\\\/www.promo-szemuveg.hu\\\/wp-content\\\/plugins\\\/gravityforms\\\/images\\\/spinner.gif\"};jQuery(document).bind('gform_post_render', function(event, formId, currentPage){if(formId == 1) {if(!\/(android)\/i.test(navigator.userAgent)){jQuery('#input_1_4').mask('(999) 999-9999').bind('keypress', function(e){if(e.which == 13){jQuery(this).blur();} } );}} } );jQuery(document).bind('gform_post_conditional_logic', function(event, formId, fields, isInit){} );<\/script><script type='text\/javascript'> jQuery(document).ready(function(){jQuery(document).trigger('gform_post_render', [1, 1]) } ); <\/script>\n","protected":false},"excerpt":{"rendered":"<p>300 darab feletti megrendel\u00e9s eset\u00e9n gy\u00e1rtunk saj\u00e1t prom\u00f3ci\u00f3s szem\u00fcveget! Ez tartalmazza a tan\u00e1csad\u00e1st \u00e9s a grafikai tervez\u00e9st is! &nbsp; 300 darabig &#8211; 600 HUF 500 darabig &#8211; 550 HUF 1000 darabig &#8211; 500 HUF 5000 darabig &#8211; 400 HUF (Tov\u00e1bbi egys\u00e9g\u00e1rak k\u00fcl\u00f6n k\u00e9r\u00e9sre)<\/p>\n","protected":false},"featured_media":451,"template":"","meta":[],"product_cat":[],"product_tag":[],"class_list":{"0":"post-250","1":"product","2":"type-product","3":"status-publish","4":"has-post-thumbnail","7":"first","8":"instock","9":"taxable","10":"shipping-taxable","11":"product-type-simple"},"yoast_head":"<!-- This site is optimized with the Yoast SEO plugin v17.6 - https:\/\/yoast.com\/wordpress\/plugins\/seo\/ -->\n<meta name=\"robots\" content=\"index, follow, max-snippet:-1, max-image-preview:large, max-video-preview:-1\" \/>\n<link rel=\"canonical\" href=\"https:\/\/www.promo-szemuveg.hu\/?product=ab-300-stueck\" \/>\n<meta property=\"og:locale\" content=\"en_US\" \/>\n<meta property=\"og:type\" content=\"article\" \/>\n<meta property=\"og:title\" content=\"300 darabt\u00f3l - promo-szem\u00fcveg\" \/>\n<meta property=\"og:description\" content=\"300 darab feletti megrendel\u00e9s eset\u00e9n gy\u00e1rtunk saj\u00e1t prom\u00f3ci\u00f3s szem\u00fcveget! Ez tartalmazza a tan\u00e1csad\u00e1st \u00e9s a grafikai tervez\u00e9st is! &nbsp; 300 darabig &#8211; 600 HUF 500 darabig &#8211; 550 HUF 1000 darabig &#8211; 500 HUF 5000 darabig &#8211; 400 HUF (Tov\u00e1bbi egys\u00e9g\u00e1rak k\u00fcl\u00f6n k\u00e9r\u00e9sre)\" \/>\n<meta property=\"og:url\" content=\"https:\/\/www.promo-szemuveg.hu\/?product=ab-300-stueck\" \/>\n<meta property=\"og:site_name\" content=\"promo-szem\u00fcveg\" \/>\n<meta property=\"article:modified_time\" content=\"2017-12-01T13:30:42+00:00\" \/>\n<meta property=\"og:image\" content=\"https:\/\/www.promo-szemuveg.hu\/wp-content\/uploads\/2014\/10\/Partybrille-Individuell-Quadratisch.jpg\" \/>\n\t<meta property=\"og:image:width\" content=\"1480\" \/>\n\t<meta property=\"og:image:height\" content=\"1480\" \/>\n<meta name=\"twitter:card\" content=\"summary\" \/>\n<script type=\"application\/ld+json\" class=\"yoast-schema-graph\">{\"@context\":\"https:\/\/schema.org\",\"@graph\":[{\"@type\":\"WebSite\",\"@id\":\"https:\/\/www.promo-szemuveg.hu\/#website\",\"url\":\"https:\/\/www.promo-szemuveg.hu\/\",\"name\":\"promo-szem\\u00fcveg\",\"description\":\"\",\"potentialAction\":[{\"@type\":\"SearchAction\",\"target\":{\"@type\":\"EntryPoint\",\"urlTemplate\":\"https:\/\/www.promo-szemuveg.hu\/?s={search_term_string}\"},\"query-input\":\"required name=search_term_string\"}],\"inLanguage\":\"en-US\"},{\"@type\":\"ImageObject\",\"@id\":\"https:\/\/www.promo-szemuveg.hu\/?product=ab-300-stueck#primaryimage\",\"inLanguage\":\"en-US\",\"url\":\"https:\/\/www.promo-szemuveg.hu\/wp-content\/uploads\/2014\/10\/Partybrille-Individuell-Quadratisch.jpg\",\"contentUrl\":\"https:\/\/www.promo-szemuveg.hu\/wp-content\/uploads\/2014\/10\/Partybrille-Individuell-Quadratisch.jpg\",\"width\":1480,\"height\":1480},{\"@type\":\"WebPage\",\"@id\":\"https:\/\/www.promo-szemuveg.hu\/?product=ab-300-stueck#webpage\",\"url\":\"https:\/\/www.promo-szemuveg.hu\/?product=ab-300-stueck\",\"name\":\"300 darabt\\u00f3l - promo-szem\\u00fcveg\",\"isPartOf\":{\"@id\":\"https:\/\/www.promo-szemuveg.hu\/#website\"},\"primaryImageOfPage\":{\"@id\":\"https:\/\/www.promo-szemuveg.hu\/?product=ab-300-stueck#primaryimage\"},\"datePublished\":\"2014-10-07T13:49:54+00:00\",\"dateModified\":\"2017-12-01T13:30:42+00:00\",\"breadcrumb\":{\"@id\":\"https:\/\/www.promo-szemuveg.hu\/?product=ab-300-stueck#breadcrumb\"},\"inLanguage\":\"en-US\",\"potentialAction\":[{\"@type\":\"ReadAction\",\"target\":[\"https:\/\/www.promo-szemuveg.hu\/?product=ab-300-stueck\"]}]},{\"@type\":\"BreadcrumbList\",\"@id\":\"https:\/\/www.promo-szemuveg.hu\/?product=ab-300-stueck#breadcrumb\",\"itemListElement\":[{\"@type\":\"ListItem\",\"position\":1,\"name\":\"Home\",\"item\":\"https:\/\/www.promo-szemuveg.hu\/\"},{\"@type\":\"ListItem\",\"position\":2,\"name\":\"Bestseller\",\"item\":\"https:\/\/www.promo-szemuveg.hu\/?page_id=168\"},{\"@type\":\"ListItem\",\"position\":3,\"name\":\"300 darabt\\u00f3l\"}]}]}<\/script>\n<!-- \/ Yoast SEO plugin. -->","yoast_head_json":{"robots":{"index":"index","follow":"follow","max-snippet":"max-snippet:-1","max-image-preview":"max-image-preview:large","max-video-preview":"max-video-preview:-1"},"canonical":"https:\/\/www.promo-szemuveg.hu\/?product=ab-300-stueck","og_locale":"en_US","og_type":"article","og_title":"300 darabt\u00f3l - promo-szem\u00fcveg","og_description":"300 darab feletti megrendel\u00e9s eset\u00e9n gy\u00e1rtunk saj\u00e1t prom\u00f3ci\u00f3s szem\u00fcveget! Ez tartalmazza a tan\u00e1csad\u00e1st \u00e9s a grafikai tervez\u00e9st is! &nbsp; 300 darabig &#8211; 600 HUF 500 darabig &#8211; 550 HUF 1000 darabig &#8211; 500 HUF 5000 darabig &#8211; 400 HUF (Tov\u00e1bbi egys\u00e9g\u00e1rak k\u00fcl\u00f6n k\u00e9r\u00e9sre)","og_url":"https:\/\/www.promo-szemuveg.hu\/?product=ab-300-stueck","og_site_name":"promo-szem\u00fcveg","article_modified_time":"2017-12-01T13:30:42+00:00","og_image":[{"width":1480,"height":1480,"url":"https:\/\/www.promo-szemuveg.hu\/wp-content\/uploads\/2014\/10\/Partybrille-Individuell-Quadratisch.jpg","type":"image\/jpeg"}],"twitter_card":"summary","schema":{"@context":"https:\/\/schema.org","@graph":[{"@type":"WebSite","@id":"https:\/\/www.promo-szemuveg.hu\/#website","url":"https:\/\/www.promo-szemuveg.hu\/","name":"promo-szem\u00fcveg","description":"","potentialAction":[{"@type":"SearchAction","target":{"@type":"EntryPoint","urlTemplate":"https:\/\/www.promo-szemuveg.hu\/?s={search_term_string}"},"query-input":"required name=search_term_string"}],"inLanguage":"en-US"},{"@type":"ImageObject","@id":"https:\/\/www.promo-szemuveg.hu\/?product=ab-300-stueck#primaryimage","inLanguage":"en-US","url":"https:\/\/www.promo-szemuveg.hu\/wp-content\/uploads\/2014\/10\/Partybrille-Individuell-Quadratisch.jpg","contentUrl":"https:\/\/www.promo-szemuveg.hu\/wp-content\/uploads\/2014\/10\/Partybrille-Individuell-Quadratisch.jpg","width":1480,"height":1480},{"@type":"WebPage","@id":"https:\/\/www.promo-szemuveg.hu\/?product=ab-300-stueck#webpage","url":"https:\/\/www.promo-szemuveg.hu\/?product=ab-300-stueck","name":"300 darabt\u00f3l - promo-szem\u00fcveg","isPartOf":{"@id":"https:\/\/www.promo-szemuveg.hu\/#website"},"primaryImageOfPage":{"@id":"https:\/\/www.promo-szemuveg.hu\/?product=ab-300-stueck#primaryimage"},"datePublished":"2014-10-07T13:49:54+00:00","dateModified":"2017-12-01T13:30:42+00:00","breadcrumb":{"@id":"https:\/\/www.promo-szemuveg.hu\/?product=ab-300-stueck#breadcrumb"},"inLanguage":"en-US","potentialAction":[{"@type":"ReadAction","target":["https:\/\/www.promo-szemuveg.hu\/?product=ab-300-stueck"]}]},{"@type":"BreadcrumbList","@id":"https:\/\/www.promo-szemuveg.hu\/?product=ab-300-stueck#breadcrumb","itemListElement":[{"@type":"ListItem","position":1,"name":"Home","item":"https:\/\/www.promo-szemuveg.hu\/"},{"@type":"ListItem","position":2,"name":"Bestseller","item":"https:\/\/www.promo-szemuveg.hu\/?page_id=168"},{"@type":"ListItem","position":3,"name":"300 darabt\u00f3l"}]}]}},"_links":{"self":[{"href":"https:\/\/www.promo-szemuveg.hu\/index.php?rest_route=\/wp\/v2\/product\/250","targetHints":{"allow":["GET"]}}],"collection":[{"href":"https:\/\/www.promo-szemuveg.hu\/index.php?rest_route=\/wp\/v2\/product"}],"about":[{"href":"https:\/\/www.promo-szemuveg.hu\/index.php?rest_route=\/wp\/v2\/types\/product"}],"wp:featuredmedia":[{"embeddable":true,"href":"https:\/\/www.promo-szemuveg.hu\/index.php?rest_route=\/wp\/v2\/media\/451"}],"wp:attachment":[{"href":"https:\/\/www.promo-szemuveg.hu\/index.php?rest_route=%2Fwp%2Fv2%2Fmedia&parent=250"}],"wp:term":[{"taxonomy":"product_cat","embeddable":true,"href":"https:\/\/www.promo-szemuveg.hu\/index.php?rest_route=%2Fwp%2Fv2%2Fproduct_cat&post=250"},{"taxonomy":"product_tag","embeddable":true,"href":"https:\/\/www.promo-szemuveg.hu\/index.php?rest_route=%2Fwp%2Fv2%2Fproduct_tag&post=250"}],"curies":[{"name":"wp","href":"https:\/\/api.w.org\/{rel}","templated":true}]}}